{"id":2000,"date":"2020-12-29T22:47:24","date_gmt":"2020-12-29T21:47:24","guid":{"rendered":"https:\/\/astronomska-revija-spika.si\/trgovina\/?page_id=2000"},"modified":"2021-01-08T00:36:43","modified_gmt":"2021-01-07T23:36:43","slug":"dostava","status":"publish","type":"page","link":"https:\/\/astronomska-revija-spika.si\/trgovina\/dostava\/","title":{"rendered":"Dostava"},"content":{"rendered":"\n<h2 class=\"wp-block-heading\">DOSTAVA BLAGA<\/h2>\n\n\n\n<p>Blago, naro\u010deno v spletni trgovini AstroShop Adria gre na pot v najkraj\u0161em mo\u017enem \u010dasu. Potrditev naro\u010dila in podatki o po\u0161iljki prejmete na e-mail naslov, ki ste ga navedli ob registraciji ali naro\u010dilu.<br><br>Da bi naro\u010dene artikle dostavili kar se da hitro, bomo vedno izbrali najbolj optimalno pot. Obi\u010dajno je to paketna dostava GLS, Po\u0161te Slovenije, DPD, UPS, itd., kar pomeni, da lahko dostavo pri\u010dakujete \u017ee naslednji dan (ob\u010dasno se lahko pojavijo tudi zamude). \u010ce vas ob dostavi ni na navedenem naslovu, lahko paket pri kuriski slu\u017ebni tudi preusmerite (pri tem dolo\u010dene dostavne slu\u017ebe zara\u010dunavajo dodatne stro\u0161ke vro\u010danja).<\/p>\n\n\n\n<h2 class=\"wp-block-heading\">OSEBNI PREVZEM <\/h2>\n\n\n\n<p>Blago lahko osebno prevzamete v Ljubljani na dogovrjeni lokaciji. V primeru dostave na druge lokacije zara\u010dunamo potne stro\u0161ke. <\/p>\n","protected":false},"excerpt":{"rendered":"<p>DOSTAVA BLAGA Blago, naro\u010deno v spletni trgovini AstroShop Adria gre na pot v najkraj\u0161em mo\u017enem \u010dasu. Potrditev naro\u010dila in podatki o po\u0161iljki prejmete na e-mail naslov, ki ste ga navedli ob registraciji ali naro\u010dilu. Da bi naro\u010dene artikle dostavili kar se da hitro, bomo vedno izbrali najbolj optimalno pot. Obi\u010dajno je to paketna dostava GLS, [&hellip;]<\/p>\n","protected":false},"author":1,"featured_media":0,"parent":0,"menu_order":0,"comment_status":"closed","ping_status":"closed","template":"","meta":{"footnotes":""},"class_list":["post-2000","page","type-page","status-publish","hentry"],"yoast_head":"<!-- This site is optimized with the Yoast SEO plugin v15.5 - https:\/\/yoast.com\/wordpress\/plugins\/seo\/ -->\n<title>Dostava - Twinstar<\/title>\n<meta name=\"robots\" content=\"index, follow, max-snippet:-1, max-image-preview:large, max-video-preview:-1\" \/>\n<link rel=\"canonical\" href=\"https:\/\/astronomska-revija-spika.si\/trgovina\/dostava\/\" \/>\n<meta property=\"og:locale\" content=\"sl_SI\" \/>\n<meta property=\"og:type\" content=\"article\" \/>\n<meta property=\"og:title\" content=\"Dostava - Twinstar\" \/>\n<meta property=\"og:description\" content=\"DOSTAVA BLAGA Blago, naro\u010deno v spletni trgovini AstroShop Adria gre na pot v najkraj\u0161em mo\u017enem \u010dasu. Potrditev naro\u010dila in podatki o po\u0161iljki prejmete na e-mail naslov, ki ste ga navedli ob registraciji ali naro\u010dilu. Da bi naro\u010dene artikle dostavili kar se da hitro, bomo vedno izbrali najbolj optimalno pot. Obi\u010dajno je to paketna dostava GLS, [&hellip;]\" \/>\n<meta property=\"og:url\" content=\"https:\/\/astronomska-revija-spika.si\/trgovina\/dostava\/\" \/>\n<meta property=\"og:site_name\" content=\"Twinstar\" \/>\n<meta property=\"article:modified_time\" content=\"2021-01-07T23:36:43+00:00\" \/>\n<meta name=\"twitter:card\" content=\"summary_large_image\" \/>\n<meta name=\"twitter:label1\" content=\"Est. reading time\">\n\t<meta name=\"twitter:data1\" content=\"1 minuta\">\n<script type=\"application\/ld+json\" class=\"yoast-schema-graph\">{\"@context\":\"https:\/\/schema.org\",\"@graph\":[{\"@type\":\"WebSite\",\"@id\":\"https:\/\/astronomska-revija-spika.si\/trgovina\/#website\",\"url\":\"https:\/\/astronomska-revija-spika.si\/trgovina\/\",\"name\":\"Twinstar\",\"description\":\"astronomski teleskopi, oprema in literatura\",\"potentialAction\":[{\"@type\":\"SearchAction\",\"target\":\"https:\/\/astronomska-revija-spika.si\/trgovina\/?s={search_term_string}\",\"query-input\":\"required name=search_term_string\"}],\"inLanguage\":\"sl-SI\"},{\"@type\":\"WebPage\",\"@id\":\"https:\/\/astronomska-revija-spika.si\/trgovina\/dostava\/#webpage\",\"url\":\"https:\/\/astronomska-revija-spika.si\/trgovina\/dostava\/\",\"name\":\"Dostava - Twinstar\",\"isPartOf\":{\"@id\":\"https:\/\/astronomska-revija-spika.si\/trgovina\/#website\"},\"datePublished\":\"2020-12-29T21:47:24+00:00\",\"dateModified\":\"2021-01-07T23:36:43+00:00\",\"inLanguage\":\"sl-SI\",\"potentialAction\":[{\"@type\":\"ReadAction\",\"target\":[\"https:\/\/astronomska-revija-spika.si\/trgovina\/dostava\/\"]}]}]}<\/script>\n<!-- \/ Yoast SEO plugin. -->","_links":{"self":[{"href":"https:\/\/astronomska-revija-spika.si\/trgovina\/wp-json\/wp\/v2\/pages\/2000","targetHints":{"allow":["GET"]}}],"collection":[{"href":"https:\/\/astronomska-revija-spika.si\/trgovina\/wp-json\/wp\/v2\/pages"}],"about":[{"href":"https:\/\/astronomska-revija-spika.si\/trgovina\/wp-json\/wp\/v2\/types\/page"}],"author":[{"embeddable":true,"href":"https:\/\/astronomska-revija-spika.si\/trgovina\/wp-json\/wp\/v2\/users\/1"}],"replies":[{"embeddable":true,"href":"https:\/\/astronomska-revija-spika.si\/trgovina\/wp-json\/wp\/v2\/comments?post=2000"}],"version-history":[{"count":4,"href":"https:\/\/astronomska-revija-spika.si\/trgovina\/wp-json\/wp\/v2\/pages\/2000\/revisions"}],"predecessor-version":[{"id":2099,"href":"https:\/\/astronomska-revija-spika.si\/trgovina\/wp-json\/wp\/v2\/pages\/2000\/revisions\/2099"}],"wp:attachment":[{"href":"https:\/\/astronomska-revija-spika.si\/trgovina\/wp-json\/wp\/v2\/media?parent=2000"}],"curies":[{"name":"wp","href":"https:\/\/api.w.org\/{rel}","templated":true}]}}