{"id":2341,"date":"2021-03-25T13:28:31","date_gmt":"2021-03-25T12:28:31","guid":{"rendered":"https:\/\/astronomska-revija-spika.si\/trgovina\/?post_type=product&#038;p=2341"},"modified":"2021-03-25T13:39:52","modified_gmt":"2021-03-25T12:39:52","slug":"gso-dobson-teleskop-n-250-1250-dob","status":"publish","type":"product","link":"https:\/\/astronomska-revija-spika.si\/trgovina\/product\/gso-dobson-teleskop-n-250-1250-dob\/","title":{"rendered":"GSO Dobson teleskop N 250\/1250 DOB"},"content":{"rendered":"","protected":false},"excerpt":{"rendered":"<p>25-cm teleskop na Dobson monta\u017ei ima resni\u010dno vse, kar potrebuje za\u010detnik ali bolj izku\u0161en opazovalec. Enostaven in priro\u010den za rokovanje!<\/p>\n","protected":false},"featured_media":2342,"comment_status":"open","ping_status":"closed","template":"","meta":[],"class_list":["post-2341","product","type-product","status-publish","has-post-thumbnail","hentry","product_cat-dobson","product_cat-teleskopi-kompleti","product_cat-teleskopi-primerni-za-zacetnike"],"yoast_head":"<!-- This site is optimized with the Yoast SEO plugin v15.5 - https:\/\/yoast.com\/wordpress\/plugins\/seo\/ -->\n<title>GSO Dobson teleskop N 250\/1250 DOB - Twinstar<\/title>\n<meta name=\"robots\" content=\"index, follow, max-snippet:-1, max-image-preview:large, max-video-preview:-1\" \/>\n<link rel=\"canonical\" href=\"https:\/\/astronomska-revija-spika.si\/trgovina\/product\/gso-dobson-teleskop-n-250-1250-dob\/\" \/>\n<meta property=\"og:locale\" content=\"sl_SI\" \/>\n<meta property=\"og:type\" content=\"article\" \/>\n<meta property=\"og:title\" content=\"GSO Dobson teleskop N 250\/1250 DOB - Twinstar\" \/>\n<meta property=\"og:description\" content=\"25-cm teleskop na Dobson monta\u017ei ima resni\u010dno vse, kar potrebuje za\u010detnik ali bolj izku\u0161en opazovalec. Enostaven in priro\u010den za rokovanje!\" \/>\n<meta property=\"og:url\" content=\"https:\/\/astronomska-revija-spika.si\/trgovina\/product\/gso-dobson-teleskop-n-250-1250-dob\/\" \/>\n<meta property=\"og:site_name\" content=\"Twinstar\" \/>\n<meta property=\"article:modified_time\" content=\"2021-03-25T12:39:52+00:00\" \/>\n<meta property=\"og:image\" content=\"https:\/\/astronomska-revija-spika.si\/trgovina\/wp-content\/uploads\/2021\/03\/GSO-Dobson-telescope-N-250-1250-DOB.jpg\" \/>\n\t<meta property=\"og:image:width\" content=\"800\" \/>\n\t<meta property=\"og:image:height\" content=\"800\" \/>\n<meta name=\"twitter:card\" content=\"summary_large_image\" \/>\n<script type=\"application\/ld+json\" class=\"yoast-schema-graph\">{\"@context\":\"https:\/\/schema.org\",\"@graph\":[{\"@type\":\"WebSite\",\"@id\":\"https:\/\/astronomska-revija-spika.si\/trgovina\/#website\",\"url\":\"https:\/\/astronomska-revija-spika.si\/trgovina\/\",\"name\":\"Twinstar\",\"description\":\"astronomski teleskopi, oprema in literatura\",\"potentialAction\":[{\"@type\":\"SearchAction\",\"target\":\"https:\/\/astronomska-revija-spika.si\/trgovina\/?s={search_term_string}\",\"query-input\":\"required name=search_term_string\"}],\"inLanguage\":\"sl-SI\"},{\"@type\":\"ImageObject\",\"@id\":\"https:\/\/astronomska-revija-spika.si\/trgovina\/product\/gso-dobson-teleskop-n-250-1250-dob\/#primaryimage\",\"inLanguage\":\"sl-SI\",\"url\":\"https:\/\/astronomska-revija-spika.si\/trgovina\/wp-content\/uploads\/2021\/03\/GSO-Dobson-telescope-N-250-1250-DOB.jpg\",\"width\":800,\"height\":800,\"caption\":\"GSO Dobson teleskop N 250\/1250 DOB\"},{\"@type\":\"WebPage\",\"@id\":\"https:\/\/astronomska-revija-spika.si\/trgovina\/product\/gso-dobson-teleskop-n-250-1250-dob\/#webpage\",\"url\":\"https:\/\/astronomska-revija-spika.si\/trgovina\/product\/gso-dobson-teleskop-n-250-1250-dob\/\",\"name\":\"GSO Dobson teleskop N 250\/1250 DOB - Twinstar\",\"isPartOf\":{\"@id\":\"https:\/\/astronomska-revija-spika.si\/trgovina\/#website\"},\"primaryImageOfPage\":{\"@id\":\"https:\/\/astronomska-revija-spika.si\/trgovina\/product\/gso-dobson-teleskop-n-250-1250-dob\/#primaryimage\"},\"datePublished\":\"2021-03-25T12:28:31+00:00\",\"dateModified\":\"2021-03-25T12:39:52+00:00\",\"inLanguage\":\"sl-SI\",\"potentialAction\":[{\"@type\":\"ReadAction\",\"target\":[\"https:\/\/astronomska-revija-spika.si\/trgovina\/product\/gso-dobson-teleskop-n-250-1250-dob\/\"]}]}]}<\/script>\n<!-- \/ Yoast SEO plugin. -->","_links":{"self":[{"href":"https:\/\/astronomska-revija-spika.si\/trgovina\/wp-json\/wp\/v2\/product\/2341","targetHints":{"allow":["GET"]}}],"collection":[{"href":"https:\/\/astronomska-revija-spika.si\/trgovina\/wp-json\/wp\/v2\/product"}],"about":[{"href":"https:\/\/astronomska-revija-spika.si\/trgovina\/wp-json\/wp\/v2\/types\/product"}],"replies":[{"embeddable":true,"href":"https:\/\/astronomska-revija-spika.si\/trgovina\/wp-json\/wp\/v2\/comments?post=2341"}],"wp:featuredmedia":[{"embeddable":true,"href":"https:\/\/astronomska-revija-spika.si\/trgovina\/wp-json\/wp\/v2\/media\/2342"}],"wp:attachment":[{"href":"https:\/\/astronomska-revija-spika.si\/trgovina\/wp-json\/wp\/v2\/media?parent=2341"}],"curies":[{"name":"wp","href":"https:\/\/api.w.org\/{rel}","templated":true}]}}